 + -1. Let t = s + p. Calculate the remainder when t is divided by 14.
12
Let t be (-12)/28 - (-706)/14. Suppose -120 - t = -5*p. What is the remainder when p is divided by 12?
10
Let g be (-2)/(-4)*-6 - -2. Let f(o) = -15*o**2 + o. Let q(b) = -b**2. Let u(i) = -f(i) + 5*q(i). What is the remainder when 32 is divided by u(g)?
10
What is the remainder when (114/15)/(1/15) is divided by 29?
27
Let l = 44 + -26. Calculate the remainder when (36/(-24))/(6/(-280)) is divided by l.
16
Let l = -2 + 2. Suppose -4*b + l*b = -56. Suppose -2*j + 76 = -2*s, j - 5*s = -s + 29. What is the remainder when j is divided by b?
13
Suppose 11 = 2*w + 5*u - 3, 0 = -2*w + 4*u - 4. Suppose 0 = 3*m + w*m - 35. Calculate the remainder when m is divided by 3.
1
Suppose 2*a + 42 = 252. Let s(d) = -3*d - 30. Calculate the remainder when a is divided by s(-19).
24
Let f = 44 - 41. What is the remainder when 3 is divided by f?
0
Suppose 0 = 14*g - 15*g + 69. Calculate the remainder when g is divided by 9.
6
Let m(y) = -16*y**3 + 1. Let t be -5 - (0/(-1) - 4). What is the remainder when 31 is divided by m(t)?
14
Suppose 6*i - 2*c - 67 = 3*i, -3*c - 113 = -5*i. Let r = i - 16. Calculate the remainder when 25 is divided by r.
7
Suppose 0 = i - 5*i + 216. What is the remainder when i is divided by 14?
12
Let i be -1 + 1 + 6 + -2. Let f = -1 + i. Suppose 9 = 3*s, 0 = 5*j - f*s - 74 - 22. What is the remainder when j is divided by 11?
10
Let j(r) = -r**3 + 6*r**2 - 7*r + 2. Calculate the remainder when 9 is divided by j(4).
3
Suppose 2*b + b - 12 = 0, 3*s - 3*b - 48 = 0. What is the remainder when s is divided by 11?
9
Let a(x) = x**2 - 4*x + 3. Let h be a(4). Suppose -27 = -h*w - 2*b + 8, -w = -5*b - 40. What is the remainder when w is divided by 4?
3
Let z = 0 + 1. Let y be -3*z - (7 - 4). Let d(l) = -l**3 - 6*l**2 - 4*l - 9. Calculate the remainder when d(y) is divided by 8.
7
Let l(r) = -r**2 + 15*r + 33. Calculate the remainder when l(11) is divided by 16.
13
Let i(v) = v**3 + 4*v**2 - v. Let n be i(-4). Suppose p - 5*p = -n*x - 176, 5*x = 4*p - 175. Let d = p + -31. Calculate the remainder when 40 is divided by d.
12
Suppose -4*q + 25 = 3*t, 4*t - q = 5*t - 8. What is the remainder when t is divided by 5?
2
Let r(b) = -b**3 - 2*b**2 + b - 7. Let q(o) = o + 1. Let y(z) = 4*q(z) + r(z). What is the remainder when y(-5) is divided by 16?
15
Suppose 0 = 2*u - 2 - 6. What is the remainder when 33 is divided by (-3)/4 + 71/u?
16
Suppose 4*h - 2*h = 18. What is the remainder when 35 is divided by h?
8
Suppose -21*c + 16*c + 40 = 0. Calculate the remainder when 23 is divided by c.
7
Let r be (-3 + 0)/((-6)/4). Suppose -2*l + 3*i = l - 30, -5*l + 43 = r*i. Calculate the remainder when 43 is divided by l.
7
What is the remainder when (2/4)/(4/240) is divided by 16?
14
Let n = -8 - -14. Suppose -6*a - 4 = -7*a. Calculate the remainder when n is divided by a.
2
Suppose 29 + 70 = 3*u. Calculate the remainder when u is divided by 18.
15
Let i = -11 + 16. What is the remainder when 29 is divided by i?
4
Calculate the remainder when 34 is divided by (-45)/(-10)*((-28)/(-6) + -2).
10
Let m = -8 - -15. Let k = m - -6. Calculate the remainder when (-45)/(-2) + (-2)/(-4) is divided by k.
10
Let n(m) = -m + 8. Let c be -2*(2/(-4) + -3). Let a be n(c). Let b(s) = 3*s. Calculate the remainder when b(a) is divided by 3.
0
Let x(n) = -4 + 0*n + 4*n - 2*n. What is the remainder when x(7) is divided by 6?
4
Let g be 34/6 - (-2)/6. Let m = g - -14. What is the remainder when 37 is divided by m?
17
Suppose 19*o - 11*o - 600 = 0. What is the remainder when o is divided by -2 + 1/(2/42)?
18
Suppose 61*i = 55*i + 570. Calculate the remainder when i is divided by 32.
31
Suppose -3*l = 2*f + 7, 3*l + f + 3*f + 5 = 0. What is the remainder when 43 is divided by (-35)/l - (-4)/(-6)?
10
Suppose -4*x + 620 = -4*w, 5*x + w - 453 = 2*x. What is the remainder when x is divided by 39?
35
Let m(s) = -6*s - 15. Calculate the remainder when 40 is divided by m(-6).
19
Let i(h) = -2*h**3 + h**2 + 2*h + 1. Let j be i(-1). Let g = 6 + j. What is the remainder when 15 is divided by g?
7
Let r be (-2 + 3)*2*20. Suppose -c - d + 3*d + 9 = 0, -2*c - 9 = 5*d. Suppose r = c*b - b. Calculate the remainder when b is divided by 7.
6
Suppose 3*t - 68 = -5*a, 19 = 3*a + t - 21. Calculate the remainder when (-18)/(-12)*196/6 is divided by a.
10
Let p = -3 - 1. Let d = p + 6. Suppose -2*f - 113 = -d*x + f, -57 = -x + 2*f. Calculate the remainder when x is divided by 19.
17
Let w(t) = t + 5. Calculate the remainder when 34 is divided by w(4).
7
Suppose 0 = -8*z + 4 + 164. What is the remainder when 38 is divided by z?
17
Let h(b) be the second derivative of b**5/20 - b**4/3 - 8*b**3/3 - 5*b**2/2 + 6*b. Calculate the remainder when h(7) is divided by 11.
8
Suppose -b - 3*b + 156 = 0. What is the remainder when b is divided by 8?
7
Let y = 154 + -91. Calculate the remainder when y is divided by 13.
11
Suppose 0*b = 5*b - 20. Suppose g + b = 9. Calculate the remainder when 13 is divided by g.
3
Let c = -118 - -178. Calculate the remainder when 235 is divided by c.
55
Suppose -7*c - 48 = -3*c. Let i = c - -22. Calculate the remainder when i is divided by 6.
4
Suppose -2*l + 45 = 3*w, 0 = 3*l - w + 4 - 55. Let s = 13 + 29. Suppose -z = -11 - s. Calculate the remainder when z is divided by l.
17
Let f = 11 + -19. Let x = f - -10. What is the remainder when x is divided by 2?
0
Let c(b) = -b + 1. Let t(j) = -6*j + 19. Let y(v) = -5*c(v) + t(v). Calculate the remainder when 15 is divided by y(10).
3
Suppose 4*y = -5*h - 0*h + 218, 5*h = -5*y + 270. Calculate the remainder when y is divided by 27.
25
Let v be 3/(4 - 1)*2. Let p(x) = 20*x**2. Let o be p(2). Suppose o = v*h + 3*h. Calculate the remainder when 47 is divided by h.
15
What is the remainder when 2/3 - 8/(-6) is divided by (-14)/(-10) + 12/(-30)?
0
Suppose 111 + 73 = 4*i. Suppose 4*h + 183 = 5*j, 5*j - h - i - 146 = 0. Calculate the remainder when j is divided by 10.
9
Suppose 5*l - l = 160. Suppose -15 = -2*m + 3*c, -3*c - l = -4*m + c. Let g = 8 + m. Calculate the remainder when 45 is divided by g.
22
Let k = -79 - -18. Let f = 106 + k. Calculate the remainder when f is divided by 12.
9
Suppose -2*w = 3*w - 155. Calculate the remainder when w is divided by 17.
14
Let i = -12 + 96. Let r = -55 + i. Suppose 0 = -5*n + 2*b + 50, 4*n - b - 20 = 2*n. Calculate the remainder when r is divided by n.
9
Suppose 5*l - 23 = 2. Let x(v) = v**2 - 5*v - 7. Let d be x(l). What is the remainder when 35 is divided by 18 + 1 - (-6 - d)?
17
Let v be 10/4*(-1 + 3). Suppose -2*s - 49 = -v*r, 0*r - 5*s = 5*r - 70. Let m(h) = h**2 + h + 4. What is the remainder when r is divided by m(0)?
3
Let a(b) = 2 + 16*b - 6*b**2 - 17*b + 13*b**2. Calculate the remainder when 13 is divided by a(1).
5
Suppose 5*b = 2 + 18. Calculate the remainder when 13 is divided by b.
1
Suppose -d + 2 = -0*d. Suppose 3*n = -2*h - 202, 3*n = d*h + 2*h - 226. Let b = -49 - n. What is the remainder when b is divided by 12?
9
Suppose -3*i = 3*j - j - 117, -4*i + 2*j + 170 = 0. What is the remainder when i is divided by 12 - ((-40)/8)/(-5)?
8
Suppose 0 = 5*v + 3*u - 32, -v - 2*u + 5 = -0*v. Suppose 0 = -20*l + 18*l + 64. What is the remainder when l is divided by v?
4
Let b(t) = t - 3. Let o be b(4). Let r be o + 1 + 2*2. Suppose 0 = -q + r + 19. What is the remainder when q is divided by 14?
11
Suppose 0 = -4*p + 127 + 25. What is the remainder when 75 is divided by p?
37
Let l(q) = -q + 6. Calculate the remainder when 1/(-3) + 114/18 is divided by l(3).
0
Suppose 0 = -10*c + 99 + 201. Calculate the remainder when c is divided by 16.
14
Let o(z) be the first derivative of -z**2/2 + 16*z + 7. Calculate the remainder when o(12) is divided by 2.
0
Let t = -24 + 64. Let p = t - 28. What is the remainder when 59 is divided by p?
11
Suppose 5*z = 34 + 6. Let m = 3 - 3. Let y(o) = -o + 5. Calculate the remainder when z is divided by y(m).
3
Let n(t) = t**3 - 9*t**2 + 9*t + 4. Let i be ((-6)/8)/((-1)/4). Suppose i*y - 7 - 17 = 0. What is the remainder when 23 is divided by n(y)?
11
Let n(l) = 5*l**2 + 2*l - 2. What is the remainder when 63 is divided by n(2)?
19
Let c = 33 - 3. Suppose -3*l = -9 - c. What is the remainder when l is divid